reatest common divisor of j and m.
3
Let x = -21 - -36. Let g = -9 + x. Calculate the greatest common factor of 9 and g.
3
Suppose -10 = -3*y - 2*y. Suppose t - 10 = -4*l + l, 2*t + y*l = 20. What is the highest common divisor of 25 and t?
5
Let u be -1*(-3)/(9/12). Let c be 5/(-10) - (-30)/u. Suppose 220 = 5*v + 5*k, -37 = -3*v - 2*k + 93. What is the greatest common divisor of c and v?
7
Let n = -42 - -152. What is the highest common factor of 44 and n?
22
Let c be (3/4)/(3 + (-71)/24). Suppose -2*l = -l - 2. What is the greatest common divisor of c and l?
2
Let s = 5 - 3. Let h be (4 - 2)*15/s. What is the greatest common divisor of h and 135?
15
Suppose 2*f = 17 + 3. Suppose 54 = 3*q - 96. Calculate the highest common divisor of f and q.
10
Let y(b) = -18*b**3 + 2*b**2 + b. Let a be y(-1). Suppose 0 = -5*z + 270 + 395. Calculate the highest common divisor of a and z.
19
Let t(o) = o**2 - 3*o - 34. Let f be t(13). What is the greatest common factor of f and 6?
6
Let s(x) = -3*x - 2. Let d be s(-2). Suppose 5*y = 3*j + 25, -5 = -2*y + d*j + 5. Calculate the highest common factor of 35 and y.
5
Suppose 0*r + r = 8. Calculate the greatest common divisor of 8 and r.
8
Suppose -x = x - 64. Calculate the greatest common factor of 8 and x.
8
Let z be 4 - (6 + 15/(-5)). What is the greatest common divisor of 2 and z?
1
Let p(c) = 5*c + 1. Let a be p(1). Let w(r) = r**2 - r - 4. Let h be w(3). Calculate the highest common factor of a and h.
2
Let d be (-3)/(6 - 0)*-4. Let o be -4 - -4 - (-18)/d. Let v(l) = -l**2 + 10*l + 7. Let y be v(o). Calculate the highest common divisor of y and 16.
16
Let d(h) = -h - 5. Let f be d(-5). Suppose f*i = -2*i + 6. Calculate the greatest common factor of i and 2.
1
Let q be (-1)/4 + 1605/20. Calculate the highest common factor of q and 10.
10
Let p be 124 + 4 + 2/1. Let w = p + -64. What is the highest common factor of 11 and w?
11
Let f = 139 - 109. Calculate the highest common factor of 330 and f.
30
Let i(u) = 5*u - 10. Let a be i(4). Suppose 6 = j - a. What is the highest common divisor of j and 176?
16
Let a be 4/14 - 30/7. Let h be (-20)/(1 - a/(-2)). Let y be 4*(-2)/((-12)/15). What is the highest common divisor of y and h?
10
Suppose 4*l - 31 = -7. Let s be (l - -3 - 1)*-1. Let z be (-6)/s + 642/8. Calculate the highest common divisor of z and 9.
9
Let n = 1 + 4. Calculate the highest common factor of 10 and n.
5
Let y be 1 + -1 + 3 + 17. Let f = y - -16. Calculate the greatest common divisor of 12 and f.
12
Let t be (-40)/(-3) - (-30)/45. Let l be 8 + -9 + -1 + t. Let h = 33 + -21. Calculate the greatest common divisor of h and l.
12
Let w(h) = -h**3 - 3*h**2 - 3*h - 2. Let i(l) = l + 12. Let p be i(-8). Suppose 0*k = -p*k - 12. Let c be w(k). Calculate the highest common factor of 77 and c.
7
Let h(t) be the third derivative of t**5/15 - t**4/4 - 4*t**3/3 - 5*t**2. Let b be h(6). Calculate the highest common factor of b and 25.
25
Let m be (-1)/2 - (-13)/2. What is the greatest common factor of m and 6?
6
Suppose 0 = 7*g - 2*g - 1280. What is the greatest common divisor of g and 32?
32
Let t(l) = -l**3 + 5*l**2 + 4. Let a be t(5). What is the highest common divisor of a and 4?
4
Suppose -p = -t + 4*t, 0 = -2*p + 5*t. Suppose -3*m - 2*u + 30 = p, -3*m - 4*u = -0*m - 36. Calculate the highest common divisor of m and 40.
8
Let r(g) = g**2 - 2*g + 5. Let t be r(0). Calculate the highest common divisor of t and 40.
5
Suppose -5*o - 37 = -2*w, 0*w = 4*w + 4*o - 116. Calculate the highest common divisor of w and 13.
13
Let k(l) = -7*l - 4. Let s be 2*-3*2/4. Let v be k(s). Calculate the greatest common factor of v and 119.
17
Suppose -5*v = -3*i - 35, 18 = -5*v - 5*i + 53. Calculate the highest common factor of 1 and v.
1
Let g be 1/((15/6)/5). Suppose g*h - h = 8. What is the greatest common divisor of h and 24?
8
Let f = 7 - 4. Let x be f*(-3 + 2) - -108. What is the highest common factor of x and 21?
21
Suppose 7*f - 5*f - 10 = 0. Calculate the greatest common factor of f and 35.
5
Let c be 222/(-3*2/9). Let m be -3 - c/((-3)/(-1)). Calculate the greatest common factor of m and 12.
12
Let x(y) = 2*y**3 - 5*y**2 + 1. Let n be x(5). Calculate the highest common divisor of n and 14.
14
Let j = 19 + -11. Calculate the highest common divisor of 64 and j.
8
Suppose 3*s - 5*n = 124, -3*s - n + 148 = -0*n. Let x = 70 - s. Calculate the highest common divisor of 22 and x.
22
Let h(a) = -37*a + 1. Let v be h(1). Let w be v/10*50/(-15). Calculate the greatest common factor of w and 6.
6
Let b = 8 + -4. Suppose -2*k + 3*a = b - 232, -4*a = -3*k + 340. Calculate the greatest common divisor of k and 12.
12
Suppose 2*b + m = -b + 28, 2*b - 5*m - 47 = 0. Let a = -22 + -3. Let n = a - -113. What is the highest common divisor of n and b?
11
Let x be (-4 - -7) + (1 - 0). Suppose -2*w + 402 = 5*c - 30, -c - x*w = -72. What is the greatest common factor of 8 and c?
8
Let n(c) = c**2 + c + 31. Let i be n(0). Calculate the highest common factor of 124 and i.
31
Let n = -50 + 36. Let z be (54/21)/((-2)/n). Suppose -4*h + 4*k + 143 = h, 0 = -3*h - 5*k + 71. Calculate the greatest common factor of h and z.
9
Suppose -2*u = -5*p - 57, 5*p = 2*u + p - 54. What is the highest common divisor of 3 and u?
3
Suppose -2*q + 2*z = z - 23, -4*q - 5*z = -39. Let m be q + (-1)/(0 + -1). Let k be 2/3 + (-428)/(-6). Calculate the greatest common factor of k and m.
12
Let s(p) = -p**2 - 11*p - 8. Let z be s(-10). Suppose x - 2*x = 4*h - 3, z*x = -4*h - 2. Calculate the highest common factor of h and 4.
2
Let k = -122 + 190. Calculate the greatest common divisor of k and 170.
34
Let t(w) = 10*w + 8. Let i be t(10). Suppose -36 = -2*k - k. What is the greatest common factor of k and i?
12
Let l be (-3)/(1/((-26)/(-24)) + -1). What is the greatest common factor of 39 and l?
39
Let i be (-1)/4 + (-305)/(-20). Suppose h + 5*h = 990. What is the greatest common divisor of i and h?
15
Let k(m) = -m**2 - 12*m - 1. Let y be k(-11). Let v = 2 + y. Let h = 6 + 6. What is the greatest common factor of h and v?
12
Let m(y) = -y**2 - 4. Let b be m(-8). Let c be (-4)/(-14) - b/7. Suppose -3*j - 71 + 191 = 0. What is the greatest common divisor of c and j?
10
Let n(i) = -2*i + 4. Let d(t) = -t**3 + 10*t**2 - 8*t - 12. Let h be d(9). Let m be n(h). Suppose m = y - 1. What is the greatest common factor of y and 121?
11
Let u(t) = -t**2 - 9*t - 2. Let n(a) = -2*a - 4. Let d be n(-5). Let f be 3/(-1)*8/d. Let b be u(f). What is the greatest common divisor of b and 90?
18
Suppose -3*s + 60 = -7*s. Let i be (1 + s)*(-13 - -11). Calculate the greatest common factor of i and 42.
14
Let v(f) = f**2 + 5*f - 10. Let o be v(-8). Calculate the highest common divisor of 98 and o.
14
Let c(w) = w + 39. Let g be c(-19). Calculate the greatest common factor of 30 and g.
10
Let h(c) = -2*c. Let a be h(-1). Let j be -16*a*3/(-2). Calculate the highest common factor of j and 6.
6
Let m = 2 + -5. Let q(g) be the second derivative of g**4/6 + 2*g**3/3 + g**2 + g. Let y be q(m). What is the greatest common factor of y and 16?
8
Let z be 32/18 - (-8)/36. Suppose 0 = 5*r + n - 37, 3*n - 1 = r - z. Calculate the highest common factor of r and 49.
7
Let h = -3 - -6. Let z(r) = r**2 - 3*r - 2. Let k be z(h). Let g be 55/4 - k/8. Calculate the highest common divisor of 126 and g.
14
Let s be 2/(1/1) + 8. Suppose -2*t + 6 = 5*c, -2*c = -0*t + t - 3. Suppose -o = 2, -g = -3*g + t*o + 46. What is the greatest common divisor of g and s?
10
Let t = -188 + 290. Suppose 0 = 4*i + 42 - t. What is the greatest common divisor of 45 and i?
15
Let j be ((6/(-2))/(-1))/1. Suppose -j*v = i - 57, -v - 2*i = 2*i - 19. Let p = 13 - -6. Calculate the highest common factor of p and v.
19
Let q = 14 + -9. Suppose 0 = q*t - 4*u - 36, 3*t - 7 - 1 = -u. Calculate the greatest common divisor of t and 2.
2
Suppose -3*v + 426 = 5*w, -3*w + v - 7 + 257 = 0. What is the greatest common factor of 12 and w?
12
Let k = -43 + 73. Suppose 5*g + v = 95, 3*v + 48 = 2*g - 7. What is the greatest common divisor of k and g?
10
Let n be 1 - 7/(-2)*2. Let z(j) = j - 3. Let b be z(n). Suppose b*u + 0*s - 5*s - 20 = 0, -6 = -3*s. Calculate the highest common factor of 15 and u.
3
Suppose j - 3*p - 4 = 0, -2*j - 2*j + 16 = 2*p. Let